 153586?
82
Calculate the greatest common divisor of 207 and 5769.
9
Calculate the greatest common divisor of 1371984 and 6464.
1616
Calculate the highest common divisor of 1910 and 150.
10
Calculate the greatest common factor of 124530 and 350.
70
What is the highest common divisor of 390 and 7358?
26
Calculate the highest common divisor of 112387 and 323.
17
What is the highest common factor of 2608 and 116871?
163
What is the highest common factor of 333 and 10249?
37
What is the greatest common factor of 45212 and 267?
89
What is the greatest common factor of 5022 and 17112?
186
What is the greatest common divisor of 3366 and 550902?
1122
What is the highest common factor of 138 and 9588?
6
What is the highest common factor of 37344 and 1824?
96
What is the greatest common divisor of 1612 and 18876?
52
Calculate the greatest common divisor of 1630235 and 145.
145
Calculate the greatest common factor of 35512 and 1518.
46
What is the greatest common divisor of 243568 and 5855?
1171
Calculate the highest common factor of 1866 and 8731014.
1866
What is the highest common factor of 3 and 36858?
3
Calculate the highest common factor of 22 and 1793.
11
What is the highest common divisor of 1839924 and 36?
36
Calculate the highest common factor of 3429 and 5400.
27
What is the highest common factor of 2709 and 196?
7
What is the highest common factor of 101306 and 1184?
74
What is the highest common divisor of 93 and 626758?
31
What is the highest common factor of 676 and 760838?
338
What is the highest common divisor of 29625 and 1000?
125
What is the highest common factor of 480 and 1050?
30
What is the greatest common divisor of 340 and 51?
17
Calculate the highest common divisor of 73 and 3476844.
73
Calculate the highest common factor of 83429 and 342.
19
Calculate the greatest common divisor of 354 and 368.
2
What is the highest common divisor of 40 and 368250?
10
Calculate the highest common divisor of 2783 and 3267.
121
Calculate the highest common divisor of 51094 and 354.
118
What is the greatest common factor of 5746 and 123370?
338
Calculate the greatest common factor of 98 and 348698.
14
Calculate the greatest common divisor of 421 and 1657056.
421
Calculate the highest common factor of 46 and 45379.
23
What is the greatest common factor of 13 and 85293?
13
Calculate the highest common divisor of 23192 and 8216.
104
What is the highest common divisor of 1279073 and 15253?
2179
Calculate the greatest common divisor of 49438 and 19.
19
What is the greatest common factor of 1054 and 360604?
34
What is the greatest common factor of 421 and 41?
1
Calculate the highest common factor of 2184 and 14376.
24
Calculate the highest common divisor of 2096 and 112.
16
Calculate the greatest common divisor of 9 and 929.
1
Calculate the greatest common divisor of 14763 and 4788.
399
Calculate the highest common divisor of 1580 and 5372.
316
What is the highest common factor of 5 and 7729?
1
Calculate the highest common divisor of 797 and 2037929.
797
What is the greatest common divisor of 1166264 and 264?
88
Calculate the highest common divisor of 15190 and 7936.
62
What is the greatest common divisor of 20 and 40564?
4
What is the greatest common divisor of 89850 and 350?
50
What is the greatest common factor of 14 and 48062?
14
Calculate the greatest common factor of 1430 and 109538.
286
What is the greatest common divisor of 63436 and 4?
4
What is the greatest common factor of 400 and 68480?
80
Calculate the greatest common divisor of 905 and 10.
5
Calculate the greatest common divisor of 15833 and 2007.
223
What is the highest common divisor of 563572 and 8?
4
Calculate the highest common factor of 1728 and 8512.
64
Calculate the highest common divisor of 14110752 and 16.
16
What is the greatest common factor of 5412 and 4305?
123
Calculate the greatest common divisor of 22 and 31359812.
22
Calculate the greatest common divisor of 128 and 66080.
32
What is the greatest common factor of 21550 and 650?
50
Calculate the highest common divisor of 48 and 95784.
24
What is the greatest common divisor of 285 and 84759?
57
What is the highest common factor of 2847 and 23871?
219
What is the highest common factor of 90 and 7870?
10
Calculate the greatest common factor of 9558 and 354.
354
What is the greatest common divisor of 2030 and 630?
70
What is the highest common divisor of 300 and 16770?
30
What is the highest common factor of 2038 and 2034?
2
What is the highest common factor of 6931 and 464?
29
What is the greatest common divisor of 75408 and 6?
6
What is the greatest common divisor of 32305 and 910?
455
What is the highest common divisor of 345 and 227976?
69
What is the highest common factor of 3639900 and 600?
300
What is the greatest common factor of 73071 and 13248?
207
What is the highest common divisor of 618498 and 45?
9
What is the greatest common factor of 6596443 and 749?
749
Calculate the greatest common factor of 256697 and 21.
7
Calculate the highest common divisor of 2028370 and 1380.
230
What is the greatest common divisor of 610 and 612806?
122
Calculate the greatest common factor of 12051 and 3987.
9
What is the greatest common divisor of 16 and 5832?
8
What is the highest common factor of 14465010 and 210?
210
What is the highest common factor of 134 and 3238646?
134
Calculate the greatest common divisor of 3492 and 27.
9
Calculate the greatest common factor of 59 and 70387.
59
Calculate the highest common factor of 3027787 and 987.
329
What is the highest common factor of 165110 and 1330?
190
What is the highest common divisor of 111197 and 633?
211
Calculate the highest common divisor of 25014 and 78074.
758
Calculate the highest common factor of 31787 and 532.
133
What is the greatest common factor of 259470 and 22103?
961
What is the greatest common divisor of 154 and 523061?
77
Calculate the highest common factor of 6914520 and 120.
120
Calculate the highest common divisor of 66 and 979539.
33
Calculate the greatest common factor of 211 and 4305244.
211
Calculate the highest common factor of 1969946 and 2372.
1186
What is the greatest common factor of 63000 and 400?
200
What is the greatest common divisor of 176 and 164285?
11
Calculate the highest common factor of 1694 and 37114.
154
Calculate the greatest common factor of 59 and 34928.
59
What is the greatest common divisor of 38 and 48811?
19
Calculate the greatest common divisor of 10 and 282595.
5
Calculate the greatest common divisor of 56303 and 33916.
61
What is the highest common factor of 836 and 12274?
38
Calculate the greatest common factor of 2166832 and 32.
16
What is the greatest common divisor of 48 and 5552?
16
Calculate the greatest common divisor of 4563218 and 66.
22
What is the greatest common divisor of 112 and 66136?
56
Calculate the highest common divisor of 282690 and 54.
54
What is the greatest common divisor of 156821 and 7?
7
What is the greatest common divisor of 17946 and 54?
18
What is the greatest common factor of 11309 and 686693?
263
Calculate the greatest common factor of 804 and 99294.
402
What is the greatest common factor of 6 and 123054?
6
What is the highest common divisor of 4788 and 26068?
532
What is the greatest common divisor of 26193 and 15?
3
Calculate the highest common divisor of 150563 and 93415.
1099
What is the greatest common divisor of 4296 and 72?
24
Calculate the greatest common divisor of 24728 and 1144.
88
Calculate the greatest common factor of 1125 and 1251.
9
What is the greatest common factor of 1010 and 22670?
10
Calculate the highest common factor of 80443 and 28897.
781
Calculate the greatest common factor of 1156805 and 481.
481
Calculate the highest common factor of 187489 and 433.
433
What is the highest common factor of 1 and 142231?
1
What is the highest common factor of 33 and 26589?
3
Calculate the greatest common divisor of 2317 and 917.
7
What is the greatest common divisor of 90 and 1295982?
18
What is the highest common factor of 1770 and 360?
30
What is the greatest common divisor of 1008 and 1825488?
1008
What is the highest common factor of 7142565 and 2490?
1245
Calculate the highest common divisor of 7128 and 7656.
264
What is the greatest common factor of 2331 and 898767?
333
Calculate